hat is the ten thousands digit of 4501572?
0
What is the hundred thousands digit of 8929533?
9
What is the thousands digit of 138587?
8
What is the hundreds digit of 99462?
4
What is the hundred thousands digit of 1269331?
2
What is the hundred thousands digit of 5392086?
3
What is the hundreds digit of 63438?
4
What is the ten thousands digit of 178095?
7
What is the hundreds digit of 3881313?
3
What is the millions digit of 1273918?
1
What is the hundred thousands digit of 202727?
2
What is the tens digit of 209970?
7
What is the ten thousands digit of 8886059?
8
What is the ten thousands digit of 44463?
4
What is the tens digit of 17318216?
1
What is the units digit of 369774?
4
What is the hundred thousands digit of 452817?
4
What is the hundred thousands digit of 795393?
7
What is the tens digit of 6966024?
2
What is the hundreds digit of 179617?
6
What is the hundreds digit of 4009160?
1
What is the thousands digit of 333585?
3
What is the hundred thousands digit of 3942045?
9
What is the hundreds digit of 23610987?
9
What is the units digit of 4597252?
2
What is the tens digit of 481378?
7
What is the hundred thousands digit of 326921?
3
What is the ten millions digit of 21194698?
2
What is the thousands digit of 313356?
3
What is the tens digit of 8898435?
3
What is the hundred thousands digit of 1097377?
0
What is the tens digit of 53580?
8
What is the thousands digit of 3682872?
2
What is the units digit of 1208351?
1
What is the thousands digit of 194113?
4
What is the millions digit of 4999568?
4
What is the hundreds digit of 482701?
7
What is the tens digit of 2073170?
7
What is the thousands digit of 141663?
1
What is the hundred thousands digit of 7710031?
7
What is the units digit of 846919?
9
What is the millions digit of 2078043?
2
What is the ten millions digit of 11392205?
1
What is the ten thousands digit of 605396?
0
What is the ten thousands digit of 170388?
7
What is the units digit of 1587750?
0
What is the millions digit of 15429645?
5
What is the thousands digit of 283548?
3
What is the hundred thousands digit of 122779?
1
What is the thousands digit of 223347?
3
What is the ten thousands digit of 191861?
9
What is the tens digit of 690250?
5
What is the hundreds digit of 1695704?
7
What is the thousands digit of 7439839?
9
What is the ten millions digit of 13757985?
1
What is the ten thousands digit of 208718?
0
What is the tens digit of 5041612?
1
What is the units digit of 1667000?
0
What is the units digit of 3331656?
6
What is the hundreds digit of 418026?
0
What is the hundred thousands digit of 566154?
5
What is the units digit of 99861?
1
What is the hundreds digit of 26135833?
8
What is the ten thousands digit of 287391?
8
What is the tens digit of 163034?
3
What is the ten thousands digit of 354296?
5
What is the millions digit of 1933109?
1
What is the units digit of 4312924?
4
What is the tens digit of 186?
8
What is the hundred thousands digit of 726847?
7
What is the ten thousands digit of 3594092?
9
What is the hundred thousands digit of 234787?
2
What is the tens digit of 202290?
9
What is the hundreds digit of 1188653?
6
What is the ten thousands digit of 5676150?
7
What is the ten thousands digit of 1496527?
9
What is the hundreds digit of 8818811?
8
What is the units digit of 638547?
7
What is the hundred thousands digit of 212054?
2
What is the hundred thousands digit of 112459?
1
What is the millions digit of 3595120?
3
What is the units digit of 841521?
1
What is the thousands digit of 53775?
3
What is the thousands digit of 35564060?
4
What is the hundred thousands digit of 968340?
9
What is the tens digit of 3273583?
8
What is the ten thousands digit of 240447?
4
What is the hundred thousands digit of 516280?
5
What is the hundred thousands digit of 3216636?
2
What is the hundreds digit of 23405706?
7
What is the thousands digit of 276909?
6
What is the ten thousands digit of 213212?
1
What is the ten thousands digit of 1514965?
1
What is the thousands digit of 835933?
5
What is the units digit of 655659?
9
What is the thousands digit of 5366532?
6
What is the thousands digit of 871285?
1
What is the hundreds digit of 40303?
3
What is the tens digit of 3822829?
2
What is the tens digit of 5136986?
8
What is the tens digit of 24001797?
9
What is the tens digit of 6050268?
6
What is the units digit of 27461?
1
What is the thousands digit of 632223?
2
What is the hundreds digit of 7082833?
8
What is the tens digit of 2712331?
3
What is the ten thousands digit of 122741?
2
What is the hundred thousands digit of 1277508?
2
What is the tens digit of 14321702?
0
What is the hundred thousands digit of 14407351?
4
What is the hundred thousands digit of 352740?
3
What is the hundred thousands digit of 1542931?
5
What is the hundred thousands digit of 388156?
3
What is the tens digit of 10216194?
9
What is the ten thousands digit of 1667863?
6
What is the tens digit of 2961610?
1
What is the tens digit of 324930?
3
What is the hundreds digit of 990500?
5
What is the hundred thousands digit of 237817?
2
What is the hundreds digit of 44997?
9
What is the hundreds digit of 5620808?
8
What is the tens digit of 3361277?
7
What is the thousands digit of 162960?
2
What is the thousands digit of 3540427?
0
What is the hundreds digit of 384895?
8
What is the tens digit of 735799?
9
What is the tens digit of 1649890?
9
What is the hundreds digit of 16645?
6
What is the ten thousands digit of 4388062?
8
What is the tens digit of 1777924?
2
What is the units digit of 1764603?
3
What is the millions digit of 11481361?
1
What is the tens digit of 4624333?
3
What is the ten thousands digit of 246507?
4
What is the thousands digit of 7473864?
3
What is the hundreds digit of 6190493?
4
What is the units digit of 17126758?
8
What is the thousands digit of 2765890?
5
What is the units digit of 444243?
3
What is the tens digit of 241026?
2
What is the tens digit of 1787566?
6
What is the hundred thousands digit of 1167557?
1
What is the hundreds digit of 147402?
4
What is the units digit of 4692635?
5
What is the ten thousands digit of 464001?
6
What is the hundred thousands digit of 873451?
8
What is the units digit of 12487798?
8
What is the hundreds digit of 1102342?
3
What is the thousands digit of 20587533?
7
What is the tens digit of 999364?
6
What is the ten millions digit of 17235336?
1
What is the ten thousands digit of 64352?
6
What is the ten thousands digit of 12505?
1
What is the tens digit of 9488143?
4
What is the hundreds digit of 21140367?
3
What is the ten millions digit of 34852753?
3
What is the ten thousands digit of 306157?
0
What is the hundred thousands digit of 36778619?
7
What is the thousands digit of 3441367?
1
What is the units digit of 5467775?
5
What is the tens digit of 655258?
5
What is the millions digit of 14299920?
4
What is the ten thousands digit of 9787976?
8
What is the hundred thousands digit of 827744?
8
What is the tens digit of 1852298?
9
What is the hundred thousands digit of 2618141?
6
What is the tens digit of 2794086?
8
What is the units digit of 4364619?
9
What is the hundred thousands digit of 22213598?
2
What is the units digit of 174937?
7
What is the ten thousands digit of 712818?
1
What is the hundred thousands digit of 375949?
3
What is the thousands digit of 12077336?
7
What is the hundreds digit of 659?
6
What is the hundreds digit of 679734?
7
What is the tens digit of 923376?
7
What is the millions digit of 6182661?
6
What is the thousands digit of 546605?
6
What is the thousands digit of 1449376?
9
What is the units digit of 3441263?
3
What is the tens digit of 282775?
7
What is the millions digit of 17614752?
7
What is the hundred thousands digit of 1762457?
7
What is the tens digit of 79906?
0
What is the millions digit of 3355129?
3
What is the hundreds digit of 225336?
3
What is the tens digit of 4653248?
4
What is the hundred thousands digit of 2368924?
3
What is the ten millions digit of 14585952?
1
What is the hundred thousands digit of 158992?
1
What is the thousands digit of 2022812?
2
What is the ten thousands digit of 1103396?
0
What is the hundreds digit of 5338564?
5
What is the thousands digit of 315208?
5
What is the hundreds digit of 13007?
0
W